hat is the remainder when 32 is divided by v?
10
Calculate the remainder when (3 - -1)*8/32 - -8 is divided by 2.
1
Suppose 2*p = 5*p - 30. Suppose -5*g = 57 - 657. Suppose 4*h + s = g, -h + 0*s - s = -33. What is the remainder when h is divided by p?
9
Suppose -5*g - 4 + 216 = 3*l, 170 = 4*g + 2*l. Calculate the remainder when g is divided by 11.
10
Calculate the remainder when 46 is divided by (24/14)/((-3)/(-21)).
10
Let k be (-273)/(-5) + (-12)/20. Suppose d = k - 4. Calculate the remainder when d is divided by 17.
16
Suppose 0 = k + 2*l - 44, -k + 4*l + 102 = 2*k. Let v(i) = 2*i**2 + i. Let d be v(2). Suppose -t + 3 = -d. Calculate the remainder when k is divided by t.
12
Suppose l + 3*q - 14 = -3*l, l = -2*q + 1. What is the remainder when 25 is divided by (-33)/(-5) - (-2)/l?
4
Suppose 96 = 4*q - 0*q. Calculate the remainder when q is divided by 9.
6
Suppose -s + 3*m + 2*m = 14, -3*s - 4*m = -15. Suppose -s - 2 = -k. Suppose -75 = -k*f - 0*f. What is the remainder when f is divided by 9?
7
Calculate the remainder when 16 is divided by 1/((-1)/(-13)) + -4.
7
Let n = 3 + 0. Suppose 72 = 4*j - 2*j + 2*i, n*j = 2*i + 83. Calculate the remainder when j is divided by 6/(-4)*(-22)/3.
9
Let q be (7/21)/(2/132). Suppose -3*z + q = 3*b - 2*b, 3*b + z = 50. Calculate the remainder when 62 is divided by b.
14
Suppose -9*d = -13*d + 92. Calculate the remainder when 66 is divided by d.
20
Suppose -3*o + 0*m + 27 = -3*m, -2*m - 33 = -5*o. Calculate the remainder when 17 is divided by o.
2
Let b(c) = -11*c**2 - 19*c - 18. Let l(m) = 7*m**2 + 13*m + 12. Let u(o) = -5*b(o) - 8*l(o). Calculate the remainder when 21 is divided by u(-7).
5
Let y = -20 - -45. What is the remainder when 95 is divided by y?
20
Suppose -3*j = 5 - 11. Suppose 0 = j*k - 3*k + 4. Calculate the remainder when k is divided by 3.
1
Let u(r) = -r**3 + r**2 - r + 54. Suppose 0 = -12*f + 17*f. Calculate the remainder when u(f) is divided by 14.
12
Let l = -16 + 16. Suppose 4*z + 2 = -l*z - 2*d, -z + 7 = -2*d. Calculate the remainder when 3 is divided by z.
0
Suppose 4*v - 12 = -0. Let r(x) = -x + 2*x - 11 - v*x + 4*x. Calculate the remainder when r(8) is divided by 2.
1
Suppose 4*v + 4*k = 6*v - 24, 5*v - 2*k = 60. Calculate the remainder when 106 is divided by v.
10
Let s = 18 + -18. Let r = 21 - s. What is the remainder when r is divided by 12?
9
Let b(r) = 10*r**3. Suppose -4*d + 6*d - 32 = 0. What is the remainder when ((-27)/4)/((-6)/d) is divided by b(1)?
8
Suppose 0*h = 4*h - 2*c - 36, 0 = -2*h + 3*c + 10. What is the remainder when h is divided by 7?
4
Let q(g) = -2 + g - 5*g + 2*g**2 - 3. Let i = -95 - -126. What is the remainder when i is divided by q(4)?
9
Suppose 0 = -4*c - 10 + 34. Let s be 89 + -4 - (0 + 0). Suppose -6*g + s = -g. What is the remainder when g is divided by c?
5
Suppose -4*u + 17 = -11. Let g = 12 - 4. Suppose 0 = -5*x - 5*w - 44 + 164, -3*w - g = -x. Calculate the remainder when x is divided by u.
6
Suppose 18*r - 84 = 12*r. What is the remainder when 56/1 - (0 - -2) is divided by r?
12
Suppose z = -3*z - 16. Let u be (-2 - z)/((-1)/(-2)). Suppose -2 = c - u. Calculate the remainder when 2 is divided by c.
0
Suppose 0 = -3*l + 4*y + 248, l - 2*l = 4*y - 88. What is the remainder when l is divided by 17?
16
Let y(k) = k + 12. Calculate the remainder when 63 is divided by y(10).
19
Suppose -1 = -c + 7. Calculate the remainder when 23 is divided by c.
7
Suppose 0*u = -5*u. Suppose 5*f - 2*f - 264 = u. What is the remainder when f is divided by 18?
16
Suppose -3*d - 33 = -2*v, 3*v - 58 = -v - 2*d. What is the remainder when v is divided by 5?
0
Suppose 0 = -3*w + 10*u - 5*u + 72, -5*w - 2*u + 89 = 0. Calculate the remainder when 92 is divided by w.
16
Let r = 13 - 11. Suppose 1 = r*i - 7. What is the remainder when (-104)/(-10) - 4/10 is divided by i?
2
Let a = -51 + 134. Calculate the remainder when a is divided by 21.
20
Suppose -3*y + 443 = -370. Suppose 0 = -5*o + 6*w - 2*w + y, -3*o + 133 = 5*w. Calculate the remainder when o is divided by 18.
15
Let l = 196 + -119. Calculate the remainder when l is divided by 27.
23
Suppose -4*i + 116 - 100 = 0. Calculate the remainder when 14 is divided by i.
2
Suppose 15*i = 12*i + 132. Calculate the remainder when i is divided by 9.
8
Let v(y) = -3*y - 9. Suppose a + 132 = 4*a. Calculate the remainder when a is divided by v(-8).
14
Suppose -2*p - 128 = -6*p. Calculate the remainder when p is divided by 9.
5
Let u = -37 - -51. Calculate the remainder when u is divided by 10.
4
Suppose -2 = 2*b + 2. Let a = b + 21. Calculate the remainder when 74 is divided by a.
17
Suppose 0 = -r + 5*c + 68, -4*c + 7*c = -3*r + 294. Calculate the remainder when r is divided by 24.
21
Let j = 58 - 40. Suppose 0 = -5*b, -2*z - 3*b = -5*z + 156. What is the remainder when z is divided by j?
16
Suppose 0 = -3*x + x. Suppose -3*b + 5 = -t, x = b - 2*t + 1 + 4. Calculate the remainder when 14 is divided by b.
2
Let t(f) = -f**2 + 11*f - 3. Let w be t(7). Let r be 1/(1/(3*-3)). Let q = r + w. What is the remainder when q is divided by 6?
4
Let x(f) = f**3 + 29. Calculate the remainder when x(0) is divided by 10.
9
Suppose -2*z + 6*v = 2*v, 4*z + v = 27. Suppose 3*s + 18 = z*s. Let x = -3 - -5. What is the remainder when s is divided by x?
0
Calculate the remainder when 29 is divided by 80/24*-1*3/(-2).
4
Let q = -17 - -21. What is the remainder when 6 is divided by q?
2
Let n = -4 - -11. Calculate the remainder when 12 is divided by n.
5
Suppose 0 = -q + u + 38 + 22, 0 = 5*q + u - 330. Calculate the remainder when q is divided by 23.
19
Suppose -i + 4*m + 12 = 0, 3*i - 8*i - 2*m + 16 = 0. Suppose -w = 5*d - 17, -4*d - 5*w + 10 = -3*w. Let u = 6 - d. What is the remainder when i is divided by u?
0
Suppose 0 = -2*q - u + 48 + 14, 4*q - 5*u - 138 = 0. What is the remainder when 91 is divided by q?
27
Suppose 5*r + 0*r + 10 = -5*k, 3*k = r + 10. Let u = 6 + k. Suppose 0 = -3*v + d + 44, d = -3*d - 20. Calculate the remainder when v is divided by u.
5
Suppose -3 = -i - 1. What is the remainder when 5 is divided by i?
1
Suppose -3*c - 25 = 2*c. Let f(h) = h**2 - 3. Calculate the remainder when f(c) is divided by (24/(-10))/((-3)/15).
10
Let t(z) = 5*z - 33. Suppose 2 = j - 1. Suppose j*i + 3 = 9. Calculate the remainder when t(8) is divided by i.
1
Let v(b) = -b**2 + 11*b - 5. Let c(i) be the second derivative of i**3/6 + i. Let q(r) = -5*c(r) + v(r). Calculate the remainder when 8 is divided by q(4).
2
Calculate the remainder when (1*20)/((-2)/(-3)) is divided by 11.
8
Let v be 1 + 24/3 + -1. Suppose -v*z + 4*z - 5*y + 19 = 0, -2*z + y - 1 = 0. Suppose -4*s = -z - 19. Calculate the remainder when s is divided by 3.
2
Let n = -2 - -7. Let m be 20 + (-204)/60 + 2/5. Suppose m = n*u + 7. What is the remainder when 7 is divided by u?
1
Let v = 14 - 7. Calculate the remainder when 25 is divided by v.
4
Suppose -3*o - 4 = -37. What is the remainder when 32 is divided by o?
10
Let h(g) = 5*g**2 + 5*g + 2. Let v be h(-3). Suppose -3*n = n - v. Calculate the remainder when 14 is divided by n.
6
Suppose -3*j = j - 64. Suppose 4*t - j = -2*a, -2 = -t - 2*a + 5. Let p(r) = 2*r**3 - 4*r**2 + 2*r - 1. What is the remainder when p(t) is divided by 12?
11
Suppose 0 = -5*j + 15 + 20. Let s = -4 + 6. What is the remainder when j is divided by s?
1
Suppose 3*c - 7*c = 2*s + 18, s = -5. Let m(w) = w**3 + 4*w**2 + 2*w. Let g be m(c). Let a(d) = 7*d - 4. What is the remainder when a(g) is divided by 13?
11
Let a be (-6)/9 + 43/(-3). Let w = a + 25. What is the remainder when 28 is divided by w?
8
Let p(x) = 5*x**3 + 3*x**2 - 2*x - 7. What is the remainder when p(3) is divided by 50?
49
Suppose 9*c - 7*c = 170. What is the remainder when c is divided by 22?
19
Let n = -30 - -45. Let y(i) = -6*i**3 - 2*i**2 - 2*i. Calculate the remainder when y(-2) is divided by n.
14
Let m(o) = 2*o + 1. Let s be m(2). Suppose 3*p - 8*p + 62 = 4*l, -s*p + 59 = 3*l. Suppose 67 = 4*a - 9. Calculate the remainder when a is divided by p.
9
Suppose -s = -5*s. Suppose s = u + 2*u - 159. Calculate the remainder when u is divided by 14.
11
Suppose -5 = 5*r - 75. Let z = 0 - 0. Suppose 5*y - 20 - 180 = z. Calculate the remainder when y is divided by r.
12
Suppose -4 - 5 = -j. Suppose 0*b + 3